{"id":2516,"date":"2024-05-13T09:09:25","date_gmt":"2024-05-13T09:09:25","guid":{"rendered":"https:\/\/careers.evolution.com\/malta\/?page_id=2516"},"modified":"2026-02-17T13:57:32","modified_gmt":"2026-02-17T13:57:32","slug":"hvorfor-arbejde-i-udlandet-med-evolution","status":"publish","type":"page","link":"https:\/\/careers.evolution.com\/malta\/dansk-blog\/hvorfor-arbejde-i-udlandet-med-evolution\/","title":{"rendered":"Hvorfor arbejde i udlandet med Evolution?"},"content":{"rendered":"\n<div class=\"wp-block-cover wp-duotone-unset-1\" style=\"padding-top:var(--wp--preset--spacing--xxl);padding-right:var(--wp--preset--spacing--md);padding-bottom:var(--wp--preset--spacing--xxl);padding-left:var(--wp--preset--spacing--md);min-height:329px;aspect-ratio:unset;\"><img loading=\"lazy\" decoding=\"async\" width=\"1024\" height=\"1024\" class=\"wp-block-cover__image-background wp-image-2907 size-large\" alt=\"\" src=\"https:\/\/careers.evolution.com\/malta\/wp-content\/uploads\/2026\/02\/1x1-Web-photos-8-1024x1024.jpg\" style=\"object-position:82% 29%\" data-object-fit=\"cover\" data-object-position=\"82% 29%\" srcset=\"https:\/\/careers.evolution.com\/malta\/wp-content\/uploads\/2026\/02\/1x1-Web-photos-8-1024x1024.jpg 1024w, https:\/\/careers.evolution.com\/malta\/wp-content\/uploads\/2026\/02\/1x1-Web-photos-8-300x300.jpg 300w, https:\/\/careers.evolution.com\/malta\/wp-content\/uploads\/2026\/02\/1x1-Web-photos-8-150x150.jpg 150w, https:\/\/careers.evolution.com\/malta\/wp-content\/uploads\/2026\/02\/1x1-Web-photos-8-768x768.jpg 768w, https:\/\/careers.evolution.com\/malta\/wp-content\/uploads\/2026\/02\/1x1-Web-photos-8-540x540.jpg 540w, https:\/\/careers.evolution.com\/malta\/wp-content\/uploads\/2026\/02\/1x1-Web-photos-8-420x420.jpg 420w, https:\/\/careers.evolution.com\/malta\/wp-content\/uploads\/2026\/02\/1x1-Web-photos-8.jpg 1080w\" sizes=\"auto, (max-width: 1024px) 100vw, 1024px\"><span aria-hidden=\"true\" class=\"wp-block-cover__background has-ebony-background-color has-background-dim-30 has-background-dim\"><\/span><div class=\"wp-block-cover__inner-container is-layout-flow wp-block-cover-is-layout-flow\">\n<h6 class=\"wp-block-heading has-text-align-right has-white-color has-text-color\" id=\"ecosystem\" style=\"font-size:16px\">Blog | 4 minuts l\u00e6sning<\/h6>\n\n\n<style>.wp-block-kadence-advancedheading.kt-adv-heading2516_971671-0b, .wp-block-kadence-advancedheading.kt-adv-heading2516_971671-0b[data-kb-block=\"kb-adv-heading2516_971671-0b\"]{text-align:center;font-size:var(--global-kb-font-size-xl, 3rem);font-style:normal;color:#ffffff;}.wp-block-kadence-advancedheading.kt-adv-heading2516_971671-0b mark.kt-highlight, .wp-block-kadence-advancedheading.kt-adv-heading2516_971671-0b[data-kb-block=\"kb-adv-heading2516_971671-0b\"] mark.kt-highlight{font-style:normal;color:#f76a0c;-webkit-box-decoration-break:clone;box-decoration-break:clone;padding-top:0px;padding-right:0px;padding-bottom:0px;padding-left:0px;}.wp-block-kadence-advancedheading.kt-adv-heading2516_971671-0b img.kb-inline-image, .wp-block-kadence-advancedheading.kt-adv-heading2516_971671-0b[data-kb-block=\"kb-adv-heading2516_971671-0b\"] img.kb-inline-image{width:150px;vertical-align:baseline;}@media all and (max-width: 1024px){.wp-block-kadence-advancedheading.kt-adv-heading2516_971671-0b, .wp-block-kadence-advancedheading.kt-adv-heading2516_971671-0b[data-kb-block=\"kb-adv-heading2516_971671-0b\"]{font-size:var(--global-kb-font-size-xxxl, 5rem);}}@media all and (max-width: 767px){.wp-block-kadence-advancedheading.kt-adv-heading2516_971671-0b, .wp-block-kadence-advancedheading.kt-adv-heading2516_971671-0b[data-kb-block=\"kb-adv-heading2516_971671-0b\"]{font-size:var(--global-kb-font-size-xxxl, 5rem);}}<\/style>\n<h1 class=\"kt-adv-heading2516_971671-0b wp-block-kadence-advancedheading\" data-kb-block=\"kb-adv-heading2516_971671-0b\"><strong><strong><strong>Hvorfor arbejde i udlandet med Evolution?<\/strong><\/strong><\/strong><\/h1>\n\n\n\n<div class=\"wp-block-buttons is-horizontal is-content-justification-right is-layout-flex wp-block-buttons-is-layout-flex\">\n<div class=\"wp-block-button is-style-fill\"><a class=\"wp-block-button__link has-white-color has-vivid-green-cyan-background-color has-text-color has-background has-link-color has-border-color has-white-border-color has-text-align-left has-custom-font-size wp-element-button\" href=\"https:\/\/wa.me\/?text=https:\/\/careers.evolution.com\/malta\/blog-dansk\/hvorfor-arbejde-i-udlandet-med-evolution\/\" style=\"border-width:3px;font-size:13px\">\ud83d\udd17 Share<\/a><\/div>\n<\/div>\n<\/div><\/div>\n\n\n\n<div class=\"wp-block-group alignfull has-white-background-color has-background is-layout-flow wp-block-group-is-layout-flow\" style=\"padding-top:0vw;padding-right:6vw;padding-bottom:0vw;padding-left:6vw\">\n<div class=\"wp-block-group alignwide is-vertical is-nowrap is-layout-flex wp-block-group-is-layout-flex\" style=\"padding-top:0;padding-right:0;padding-bottom:0;padding-left:0\">\n<div class=\"wp-block-columns alignwide is-layout-flex wp-block-columns-is-layout-flex\">\n<div class=\"wp-block-column is-layout-flow wp-block-column-is-layout-flow\" style=\"flex-basis:100%\">\n<p style=\"margin-top:var(--wp--preset--spacing--md)\">\u00d8nsker du at tage en pause under din uddannelse? Eller er du tr\u00e6t af livet i kulden? Eller leder du bare efter en ny udfordring? S\u00e5 b\u00f8r du overveje at arbejde i udlandet! Vi ved, at arbejde i udlandet ikke er let, s\u00e5 vi tilbyder forskellige fordele, der vil hj\u00e6lpe dig gennem hele processen. <\/p>\n\n\n\n<p><strong>Evolution er et svensk firma<\/strong> med n\u00e6sten 20.000 medarbejdere i 30 markeder verden over. Vi er stolte af vores mangfoldighed og udg\u00f8r en smeltedigel af forskellige kulturer, sprog og traditioner. Evolution er en f\u00f8rende udvikler og leverand\u00f8r af produkter og tjenester til online casino-underholdning. Evolution&#8217;s dynamiske og kreative milj\u00f8 giver en unik mulighed for personlig og professionel v\u00e6kst.<\/p>\n\n\n\n<p><strong>\ud83d\udfe3<\/strong> Vi tilbyder:<\/p>\n\n\n<style>.wp-block-kadence-iconlist.kt-svg-icon-list-items2516_d5204a-f7:not(.this-stops-third-party-issues){margin-top:0px;margin-bottom:0px;}.wp-block-kadence-iconlist.kt-svg-icon-list-items2516_d5204a-f7 ul.kt-svg-icon-list:not(.this-prevents-issues):not(.this-stops-third-party-issues):not(.tijsloc){margin-top:0px;margin-right:0px;margin-bottom:var(--global-kb-spacing-sm, 1.5rem);margin-left:0px;}.wp-block-kadence-iconlist.kt-svg-icon-list-items2516_d5204a-f7 ul.kt-svg-icon-list{grid-row-gap:5px;}.wp-block-kadence-iconlist.kt-svg-icon-list-items2516_d5204a-f7 .kb-svg-icon-wrap{font-size:19px;color:var(--evo--color--ebony);}.wp-block-kadence-iconlist.kt-svg-icon-list-items2516_d5204a-f7 ul.kt-svg-icon-list .kt-svg-icon-list-item-wrap .kt-svg-icon-list-single{margin-right:10px;}.kt-svg-icon-list-items2516_d5204a-f7 ul.kt-svg-icon-list .kt-svg-icon-list-item-wrap, .kt-svg-icon-list-items2516_d5204a-f7 ul.kt-svg-icon-list .kt-svg-icon-list-item-wrap a{color:var(--evo--color--ebony);color:var(--evo--color--ebony);}.kt-svg-icon-list-items2516_d5204a-f7 ul.kt-svg-icon-list .kt-svg-icon-list-level-0 .kt-svg-icon-list-single svg{font-size:20px;}<\/style>\n<div class=\"wp-block-kadence-iconlist kt-svg-icon-list-items kt-svg-icon-list-items2516_d5204a-f7 kt-svg-icon-list-columns-1 alignnone\"><ul class=\"kt-svg-icon-list\"><style>.kt-svg-icon-list-item-2516_514319-f0 .kt-svg-icon-list-single{color:var(--evo--color--ebony) !important;}.kt-svg-icon-list-item-2516_514319-f0 .kt-svg-icon-list-text mark.kt-highlight{background-color:unset;font-style:normal;color:#f76a0c;-webkit-box-decoration-break:clone;box-decoration-break:clone;padding-top:0px;padding-right:0px;padding-bottom:0px;padding-left:0px;}<\/style>\n<li class=\"wp-block-kadence-listitem kt-svg-icon-list-item-wrap kt-svg-icon-list-item-2516_514319-f0\"><span class=\"kb-svg-icon-wrap kb-svg-icon-fe_checkCircle kt-svg-icon-list-single\"><svg viewBox=\"0 0 24 24\"  fill=\"none\" stroke=\"currentColor\" stroke-width=\"2\" stroke-linecap=\"round\" stroke-linejoin=\"round\" xmlns=\"http:\/\/www.w3.org\/2000\/svg\"  aria-hidden=\"true\"><path d=\"M22 11.08V12a10 10 0 1 1-5.93-9.14\"\/><polyline points=\"22 4 12 14.01 9 11.01\"\/><\/svg><\/span><span class=\"kt-svg-icon-list-text\">Flybillet og indkvartering de f\u00f8rste 15 dage p\u00e5 Malta<\/span><\/li>\n\n\n<style>.kt-svg-icon-list-item-2516_b2eec2-e3 .kt-svg-icon-list-single{color:var(--evo--color--ebony) !important;}.kt-svg-icon-list-item-2516_b2eec2-e3 .kt-svg-icon-list-text mark.kt-highlight{background-color:unset;font-style:normal;color:#f76a0c;-webkit-box-decoration-break:clone;box-decoration-break:clone;padding-top:0px;padding-right:0px;padding-bottom:0px;padding-left:0px;}<\/style>\n<li class=\"wp-block-kadence-listitem kt-svg-icon-list-item-wrap kt-svg-icon-list-item-2516_b2eec2-e3\"><span class=\"kb-svg-icon-wrap kb-svg-icon-fe_checkCircle kt-svg-icon-list-single\"><svg viewBox=\"0 0 24 24\"  fill=\"none\" stroke=\"currentColor\" stroke-width=\"2\" stroke-linecap=\"round\" stroke-linejoin=\"round\" xmlns=\"http:\/\/www.w3.org\/2000\/svg\"  aria-hidden=\"true\"><path d=\"M22 11.08V12a10 10 0 1 1-5.93-9.14\"\/><polyline points=\"22 4 12 14.01 9 11.01\"\/><\/svg><\/span><span class=\"kt-svg-icon-list-text\">Fast grundl\u00f8n &amp; m\u00e5nedlige bonusser<\/span><\/li>\n\n\n<style>.kt-svg-icon-list-item-2516_879418-3c .kt-svg-icon-list-single{color:var(--evo--color--ebony) !important;}.kt-svg-icon-list-item-2516_879418-3c .kt-svg-icon-list-text mark.kt-highlight{background-color:unset;font-style:normal;color:#f76a0c;-webkit-box-decoration-break:clone;box-decoration-break:clone;padding-top:0px;padding-right:0px;padding-bottom:0px;padding-left:0px;}<\/style>\n<li class=\"wp-block-kadence-listitem kt-svg-icon-list-item-wrap kt-svg-icon-list-item-2516_879418-3c\"><span class=\"kb-svg-icon-wrap kb-svg-icon-fe_checkCircle kt-svg-icon-list-single\"><svg viewBox=\"0 0 24 24\"  fill=\"none\" stroke=\"currentColor\" stroke-width=\"2\" stroke-linecap=\"round\" stroke-linejoin=\"round\" xmlns=\"http:\/\/www.w3.org\/2000\/svg\"  aria-hidden=\"true\"><path d=\"M22 11.08V12a10 10 0 1 1-5.93-9.14\"\/><polyline points=\"22 4 12 14.01 9 11.01\"\/><\/svg><\/span><span class=\"kt-svg-icon-list-text\">Betalt tr\u00e6ning i alt, hvad du beh\u00f8ver for at f\u00e5 succes i rollen<\/span><\/li>\n\n\n<style>.kt-svg-icon-list-item-2516_64b9f6-84 .kt-svg-icon-list-single{color:var(--evo--color--ebony) !important;}.kt-svg-icon-list-item-2516_64b9f6-84 .kt-svg-icon-list-text mark.kt-highlight{background-color:unset;font-style:normal;color:#f76a0c;-webkit-box-decoration-break:clone;box-decoration-break:clone;padding-top:0px;padding-right:0px;padding-bottom:0px;padding-left:0px;}<\/style>\n<li class=\"wp-block-kadence-listitem kt-svg-icon-list-item-wrap kt-svg-icon-list-item-2516_64b9f6-84\"><span class=\"kb-svg-icon-wrap kb-svg-icon-fe_checkCircle kt-svg-icon-list-single\"><svg viewBox=\"0 0 24 24\"  fill=\"none\" stroke=\"currentColor\" stroke-width=\"2\" stroke-linecap=\"round\" stroke-linejoin=\"round\" xmlns=\"http:\/\/www.w3.org\/2000\/svg\"  aria-hidden=\"true\"><path d=\"M22 11.08V12a10 10 0 1 1-5.93-9.14\"\/><polyline points=\"22 4 12 14.01 9 11.01\"\/><\/svg><\/span><span class=\"kt-svg-icon-list-text\">Gratis medlemskab i fitnesscenter<\/span><\/li>\n\n\n<style>.kt-svg-icon-list-item-2516_4f5800-db .kt-svg-icon-list-single{color:var(--evo--color--ebony) !important;}.kt-svg-icon-list-item-2516_4f5800-db .kt-svg-icon-list-text mark.kt-highlight{background-color:unset;font-style:normal;color:#f76a0c;-webkit-box-decoration-break:clone;box-decoration-break:clone;padding-top:0px;padding-right:0px;padding-bottom:0px;padding-left:0px;}<\/style>\n<li class=\"wp-block-kadence-listitem kt-svg-icon-list-item-wrap kt-svg-icon-list-item-2516_4f5800-db\"><span class=\"kb-svg-icon-wrap kb-svg-icon-fe_checkCircle kt-svg-icon-list-single\"><svg viewBox=\"0 0 24 24\"  fill=\"none\" stroke=\"currentColor\" stroke-width=\"2\" stroke-linecap=\"round\" stroke-linejoin=\"round\" xmlns=\"http:\/\/www.w3.org\/2000\/svg\"  aria-hidden=\"true\"><path d=\"M22 11.08V12a10 10 0 1 1-5.93-9.14\"\/><polyline points=\"22 4 12 14.01 9 11.01\"\/><\/svg><\/span><span class=\"kt-svg-icon-list-text\">Gratis taxa til og fra arbejde, n\u00e5r du arbejder nattevagt<\/span><\/li>\n\n\n<style>.kt-svg-icon-list-item-2516_4592ca-c5 .kt-svg-icon-list-single{color:var(--evo--color--ebony) !important;}.kt-svg-icon-list-item-2516_4592ca-c5 .kt-svg-icon-list-text mark.kt-highlight{background-color:unset;font-style:normal;color:#f76a0c;-webkit-box-decoration-break:clone;box-decoration-break:clone;padding-top:0px;padding-right:0px;padding-bottom:0px;padding-left:0px;}<\/style>\n<li class=\"wp-block-kadence-listitem kt-svg-icon-list-item-wrap kt-svg-icon-list-item-2516_4592ca-c5\"><span class=\"kb-svg-icon-wrap kb-svg-icon-fe_checkCircle kt-svg-icon-list-single\"><svg viewBox=\"0 0 24 24\"  fill=\"none\" stroke=\"currentColor\" stroke-width=\"2\" stroke-linecap=\"round\" stroke-linejoin=\"round\" xmlns=\"http:\/\/www.w3.org\/2000\/svg\"  aria-hidden=\"true\"><path d=\"M22 11.08V12a10 10 0 1 1-5.93-9.14\"\/><polyline points=\"22 4 12 14.01 9 11.01\"\/><\/svg><\/span><span class=\"kt-svg-icon-list-text\">Workshops i pr\u00e6sentationsteknik, makeup og h\u00e5rstyling<\/span><\/li>\n<\/ul><\/div>\n\n\n\n<p class=\"has-small-font-size\"><strong>Hvorfor arbejde i Malta?<\/strong><\/p>\n\n\n\n<figure class=\"wp-block-embed is-type-video is-provider-youtube wp-block-embed-youtube wp-embed-aspect-16-9 wp-has-aspect-ratio\"><div class=\"wp-block-embed__wrapper\">\n<iframe loading=\"lazy\" title=\"Living in Malta: Expat Life, Local Culture &amp; What to Expect.\" width=\"500\" height=\"281\" src=\"https:\/\/www.youtube.com\/embed\/Ry7hZh1jIf0?feature=oembed\" frameborder=\"0\" allow=\"accelerometer; autoplay; clipboard-write; encrypted-media; gyroscope; picture-in-picture; web-share\" referrerpolicy=\"strict-origin-when-cross-origin\" allowfullscreen><\/iframe>\n<\/div><\/figure>\n\n\n\n<p><a href=\"https:\/\/careers.evolution.com\/malta\/dansk-blog\/eventyrlige-steder-pa-malta-perfekte-til-instagram-udforsk-og-tag-billeder\/\">\u2197\ufe0f<\/a> <a href=\"https:\/\/careers.evolution.com\/malta\/dansk-blog\/alt-du-behover-at-vide-om-at-bo-i-malta-som-dansk-statsborger\/\">L\u00e6s mere: Alt du beh\u00f8ver at vide om at bo i Malta som dansk statsborger<\/a><\/p>\n\n\n\n<p>Vejret; Malta er solrigt 300 dage om \u00e5ret! Hvis du har brug for en pause fra kolde, m\u00f8rke dage, er dette perfekt til dig. Havet; udover sv\u00f8mning, vandpolo, dykning og fiskeri, kan du let tage en b\u00e5d fra Malta til Gozo eller Comino! F\u00e6rgerne er tilg\u00e6ngelige og overkommelige. Aktiviteter; om det er klippeklatring, ridning, vandreture, sv\u00f8mning, windsurfing eller mere, er Malta stedet at v\u00e6re, hvis du elsker eventyr og vil m\u00f8de nye venner. Leveomkostninger; Malta er overkommelig og generelt billig i forhold til andre europ\u00e6iske lande. Engelsk er et officielt sprog, hvilket g\u00f8r det nemt at kommunikere og f\u00e5 internationale venner. Sundhedspleje; Sundhedspleje er gratis for alle beboere i Malta. Mad; Traditionel maltesisk mad er l\u00e6kker og m\u00e6ttende; pastizzi, timpana, ross il-forn, Lampuki pie, rabbit stew er maltesiske retter, som du skal pr\u00f8ve, n\u00e5r du bes\u00f8ger. Sikkerhed: Malta betragtes generelt som et sikkert land med en lav kriminalitetsrate. Historie og kultur; Maltas historie g\u00e5r tilbage til 5900 f.Kr. Malta huser flere UNESCO-anerkendte verdensarvssteder, herunder hovedstaden Valletta og forskellige pr\u00e6historiske templer, der er spredt overalt p\u00e5 Malta og Gozo.<\/p>\n<\/div>\n<\/div>\n<\/div>\n<\/div>\n\n\n<style>.kadence-column2516_2042fa-93 > .kt-inside-inner-col,.kadence-column2516_2042fa-93 > .kt-inside-inner-col:before{border-top-left-radius:0px;border-top-right-radius:0px;border-bottom-right-radius:0px;border-bottom-left-radius:0px;}.kadence-column2516_2042fa-93 > .kt-inside-inner-col{column-gap:var(--global-kb-gap-sm, 1rem);}.kadence-column2516_2042fa-93 > .kt-inside-inner-col{flex-direction:column;}.kadence-column2516_2042fa-93 > .kt-inside-inner-col > .aligncenter{width:100%;}.kadence-column2516_2042fa-93 > .kt-inside-inner-col:before{opacity:0.3;}.kadence-column2516_2042fa-93{position:relative;}.kadence-column2516_2042fa-93, .kt-inside-inner-col > .kadence-column2516_2042fa-93:not(.specificity){margin-top:var(--global-kb-spacing-xl, 4rem);}@media all and (max-width: 1024px){.kadence-column2516_2042fa-93 > .kt-inside-inner-col{flex-direction:column;justify-content:center;}}@media all and (max-width: 767px){.kadence-column2516_2042fa-93 > .kt-inside-inner-col{flex-direction:column;justify-content:center;}}<\/style>\n<div class=\"wp-block-kadence-column kadence-column2516_2042fa-93 kb-section-has-link\"><div class=\"kt-inside-inner-col\">\n<div class=\"wp-block-cover wp-duotone-unset-2\" style=\"border-style:none;border-width:0px;border-top-left-radius:38px;border-top-right-radius:38px;border-bottom-left-radius:38px;border-bottom-right-radius:38px;padding-top:var(--wp--preset--spacing--xxl);padding-right:var(--wp--preset--spacing--md);padding-bottom:var(--wp--preset--spacing--xxl);padding-left:var(--wp--preset--spacing--md);min-height:638px;aspect-ratio:unset;\"><img loading=\"lazy\" decoding=\"async\" width=\"1024\" height=\"1024\" class=\"wp-block-cover__image-background wp-image-2899 size-large\" alt=\"\" src=\"https:\/\/careers.evolution.com\/malta\/wp-content\/uploads\/2026\/02\/1x1-Web-photos-6-1024x1024.jpg\" style=\"object-position:44% 46%\" data-object-fit=\"cover\" data-object-position=\"44% 46%\" srcset=\"https:\/\/careers.evolution.com\/malta\/wp-content\/uploads\/2026\/02\/1x1-Web-photos-6-1024x1024.jpg 1024w, https:\/\/careers.evolution.com\/malta\/wp-content\/uploads\/2026\/02\/1x1-Web-photos-6-300x300.jpg 300w, https:\/\/careers.evolution.com\/malta\/wp-content\/uploads\/2026\/02\/1x1-Web-photos-6-150x150.jpg 150w, https:\/\/careers.evolution.com\/malta\/wp-content\/uploads\/2026\/02\/1x1-Web-photos-6-768x768.jpg 768w, https:\/\/careers.evolution.com\/malta\/wp-content\/uploads\/2026\/02\/1x1-Web-photos-6-540x540.jpg 540w, https:\/\/careers.evolution.com\/malta\/wp-content\/uploads\/2026\/02\/1x1-Web-photos-6-420x420.jpg 420w, https:\/\/careers.evolution.com\/malta\/wp-content\/uploads\/2026\/02\/1x1-Web-photos-6.jpg 1080w\" sizes=\"auto, (max-width: 1024px) 100vw, 1024px\"><span aria-hidden=\"true\" class=\"wp-block-cover__background has-ebony-background-color has-background-dim-30 has-background-dim\"><\/span><div class=\"wp-block-cover__inner-container is-layout-flow wp-block-cover-is-layout-flow\">\n<p class=\"has-text-align-center\" style=\"margin-top:86px;margin-bottom:-20px;font-size:55px\"><strong><strong><strong><em>Vi s\u00f8ger<\/em><\/strong><\/strong><\/strong> <\/p>\n\n\n\n<p class=\"has-text-align-center\" style=\"font-size:33px\"><strong><em>dansktalende<\/em><\/strong> <em>Online casino spilv\u00e6rt i Malta<\/em><\/p>\n\n\n\n<div class=\"wp-block-buttons is-horizontal is-content-justification-center is-layout-flex wp-block-buttons-is-layout-flex\">\n<div class=\"wp-block-button is-style-fill\"><a class=\"wp-block-button__link has-white-color has-primary-background-color has-text-color has-background has-link-color has-border-color has-white-border-color has-text-align-center has-custom-font-size wp-element-button\" style=\"border-width:5px;font-size:18px\"><strong>Ans\u00f8g nu!<\/strong><\/a><\/div>\n<\/div>\n<\/div><\/div>\n<\/div><a href=\"https:\/\/careers.evolution.com\/malta\/den-danske-spilvaert\/?utm_source=google&amp;utm_medium=organic&amp;utm_campaign=dk_dnk_danskblog\" class=\"kb-section-link-overlay\"><\/a><\/div>\n","protected":false},"excerpt":{"rendered":"<p>\u00d8nsker du at tage en pause under din uddannelse? Eller er du tr\u00e6t af livet i kulden? Eller leder du bare efter en ny udfordring? S\u00e5 b\u00f8r du overveje at arbejde i udlandet! Vi ved, at arbejde i udlandet ikke er let, s\u00e5 vi tilbyder forskellige fordele, der vil hj\u00e6lpe dig gennem hele processen. Evolution [&hellip;]<\/p>\n","protected":false},"author":44,"featured_media":0,"parent":3507,"menu_order":0,"comment_status":"closed","ping_status":"closed","template":"","meta":{"_acf_changed":false,"footnotes":""},"class_list":["post-2516","page","type-page","status-publish","hentry"],"acf":[],"_links":{"self":[{"href":"https:\/\/careers.evolution.com\/malta\/wp-json\/wp\/v2\/pages\/2516","targetHints":{"allow":["GET"]}}],"collection":[{"href":"https:\/\/careers.evolution.com\/malta\/wp-json\/wp\/v2\/pages"}],"about":[{"href":"https:\/\/careers.evolution.com\/malta\/wp-json\/wp\/v2\/types\/page"}],"author":[{"embeddable":true,"href":"https:\/\/careers.evolution.com\/malta\/wp-json\/wp\/v2\/users\/44"}],"replies":[{"embeddable":true,"href":"https:\/\/careers.evolution.com\/malta\/wp-json\/wp\/v2\/comments?post=2516"}],"version-history":[{"count":11,"href":"https:\/\/careers.evolution.com\/malta\/wp-json\/wp\/v2\/pages\/2516\/revisions"}],"predecessor-version":[{"id":3770,"href":"https:\/\/careers.evolution.com\/malta\/wp-json\/wp\/v2\/pages\/2516\/revisions\/3770"}],"up":[{"embeddable":true,"href":"https:\/\/careers.evolution.com\/malta\/wp-json\/wp\/v2\/pages\/3507"}],"wp:attachment":[{"href":"https:\/\/careers.evolution.com\/malta\/wp-json\/wp\/v2\/media?parent=2516"}],"curies":[{"name":"wp","href":"https:\/\/api.w.org\/{rel}","templated":true}]}}